17 a prime number?
False
Is 49618467473 a composite number?
True
Is 83193787 a composite number?
False
Is 4472910173 a prime number?
False
Is 19704005663 composite?
True
Is 76671172817 a prime number?
False
Is 4080504097 prime?
True
Is 884108539 composite?
True
Is 206949514159 a composite number?
True
Is 856359239 a prime number?
True
Is 617844529 prime?
False
Is 3003782459 a composite number?
True
Is 1601150237 a prime number?
True
Is 733472213 a prime number?
True
Is 25032651617 composite?
False
Is 576728329 prime?
True
Is 127376842 prime?
False
Is 9769835677 composite?
True
Is 4258772143 composite?
True
Is 556836901 a composite number?
False
Is 144833711 composite?
True
Is 6892395569 a prime number?
False
Is 27321513523 composite?
True
Is 29646969017 composite?
False
Is 1392654787 a prime number?
False
Is 224821867 prime?
True
Is 22157074403 a prime number?
False
Is 1239341533 composite?
False
Is 2200356481 a composite number?
True
Is 31673788501 prime?
False
Is 5461467383 a prime number?
True
Is 3426094207 a prime number?
True
Is 65879209681 a prime number?
True
Is 371632171 composite?
False
Is 3005717629 composite?
False
Is 14545520159 composite?
False
Is 1717505395 prime?
False
Is 1174537831 prime?
False
Is 12457253257 prime?
True
Is 232556921 a composite number?
True
Is 859077437 a prime number?
True
Is 430167107 a composite number?
False
Is 114799909877 a composite number?
False
Is 6131537681 a prime number?
True
Is 11536751423 a prime number?
False
Is 4973569927 a prime number?
False
Is 723536347 composite?
True
Is 148092441257 a prime number?
True
Is 9239218529 a prime number?
True
Is 539428237 prime?
True
Is 1221450091 prime?
True
Is 6132343963 composite?
True
Is 10679571753 prime?
False
Is 116216909 composite?
True
Is 75624304043 a composite number?
False
Is 119655384293 a prime number?
True
Is 2222320151 composite?
True
Is 2824621067 a prime number?
True
Is 25832175307 a prime number?
False
Is 181109401 a prime number?
False
Is 7950827491 a composite number?
True
Is 4657637779 a prime number?
True
Is 6372953231 prime?
True
Is 291649583 a prime number?
True
Is 1476344791 prime?
True
Is 13230278591 composite?
True
Is 702925301 a prime number?
False
Is 951642751 prime?
True
Is 24277844363 prime?
False
Is 1433646077 a prime number?
True
Is 2225891329 a composite number?
False
Is 2041787309 composite?
True
Is 6524850622 prime?
False
Is 44078357 composite?
False
Is 5009019103 a composite number?
True
Is 13481258701 composite?
True
Is 33409399237 prime?
True
Is 697886951 a prime number?
True
Is 47480491969 a composite number?
False
Is 10426000313 a composite number?
False
Is 36315107 prime?
True
Is 8980645463 prime?
True
Is 5823788749 a prime number?
True
Is 63320809 composite?
False
Is 2691905518 a composite number?
True
Is 43320449 prime?
True
Is 5766889127 a composite number?
False
Is 32561017 prime?
True
Is 4557873641 prime?
False
Is 11572919543 composite?
False
Is 39345113 prime?
False
Is 19046306623 prime?
True
Is 7585495811 a prime number?
True
Is 53084944261 a prime number?
True
Is 115595073259 composite?
False
Is 20538766663 a composite number?
False
Is 2352539801 prime?
False
Is 442034023 prime?
False
Is 889584373 a prime number?
False
Is 7114584311 composite?
False
Is 1261479959 a prime number?
True
Is 1521187463 prime?
True
Is 2025769489 composite?
True
Is 11775683461 prime?
False
Is 681747169 prime?
False
Is 10273854403 a prime number?
True
Is 1086925253 a composite number?
False
Is 2441060813 a composite number?
True
Is 149087130809 a prime number?
False
Is 3994915861 composite?
False
Is 5588261661 prime?
False
Is 1012522391 a composite number?
True
Is 5243649071 a composite number?
False
Is 15763484531 a composite number?
True
Is 7412705621 a prime number?
False
Is 2724537937 a prime number?
False
Is 10218854935 a composite number?
True
Is 502192371 prime?
False
Is 2282292241 prime?
False
Is 37579359833 composite?
True
Is 5787532627 composite?
True
Is 1121103479 composite?
False
Is 3645790411 a composite number?
True
Is 7763360123 prime?
False
Is 126703823 composite?
True
Is 2536024937 a prime number?
False
Is 1154780747 a prime number?
False
Is 1577187653 a prime number?
False
Is 255638377 a prime number?
False
Is 60882199145 a composite number?
True
Is 503195083 a prime number?
True
Is 2211029161 a prime number?
False
Is 15364220111 prime?
True
Is 135726336701 prime?
True
Is 13691641 composite?
True
Is 124831721081 composite?
True
Is 34676724101 prime?
False
Is 827532557 prime?
False
Is 6431967071 a composite number?
True
Is 280634369 a prime number?
True
Is 6276233171 composite?
True
Is 294337579 a composite number?
False
Is 12976255717 composite?
True
Is 1447027163 a composite number?
True
Is 26500605191 a composite number?
False
Is 6063895067 a composite number?
False
Is 6348518513 prime?
False
Is 9759433129 a composite number?
True
Is 10984318759 composite?
True
Is 9868401377 a prime number?
True
Is 22912539157 a prime number?
False
Is 374940983 composite?
True
Is 377402351 a prime number?
True
Is 3063265123 a composite number?
False
Is 6665373589 a prime number?
False
Is 207604321 a composite number?
True
Is 122556163 prime?
True
Is 175331951 composite?
False
Is 7958860571 composite?
True
Is 10460834887 composite?
False
Is 1139810801 a prime number?
True
Is 10803555127 a composite number?
True
Is 749061343 a prime number?
True
Is 2234168777 a composite number?
True
Is 659893261 a prime number?
False
Is 63675371 composite?
False
Is 6245215831 a composite number?
False
Is 6987329383 prime?
True
Is 1373338873 a composite number?
False
Is 331262027 a composite number?
True
Is 424214477 prime?
False
Is 19752913151 prime?
True
Is 43263498671 a composite number?
True
Is 30789954001 composite?
False
Is 81729208059 composite?
True
Is 6474150893 prime?
False
Is 46803587071 composite?
False
Is 24403921121 composite?
False
Is 295512349985 composite?
True
Is 638385067 a composite number?
True
Is 26366197622 composite?
True
Is 333712682 prime?
False
Is 58915143251 composite?
True
Is 1316986679 prime?
True
Is 399170261 composite?
True
Is 1985789639 composite?
True
Is 20084287529 a prime number?
False
Is 11627589689 composite?
False
Is 7952262302 a prime number?
False
Is 19138046069 a composite number?
False
Is 779837439 prime?
False
Is 30637303 composite?
False
Is 11868791021 prime?
False
Is 289009859 a composite number?
True
Is 726332119 composite?
False
Is 3261584089 a composite number?
False
Is 299571287 a prime number?
False
Is 16306511293 prime?
False
Is 633257357 a prime number?
True
Is 80689576469 a prime number?
True
Is 293680152661 a composite number?
True
Is 2798902537 a prime number?
False
Is 1762811969 composite?
False
Is 828992071 prime?
False
Is 519170681 a prime number?
False
Is 11931744067 a prime number?
True
Is 257740291 a prime number?
False
Is 239155529 prime?
False
Is 2729685449 a composite number?
False
Is 1987611889 composite?
True
Is 3372302314 composite?
True
Is 443498773 composite?
True
Is 59929688407 prime?
True
Is 13267673383 composite?
True
Is 400404847 composite?
False
Is 7102498058 prime?
False
Is 2503726723 prime?
False
Is 19875439457 prime?
False
Is 583151599 prime?
False
Is 2656253083 composite?
True
Is 819341983 a prime number?
True
Is 128744438297 prime?
True
Is 2227848841 composite?
False
Is 1509612953 a composite number?
True
Is 240069329 prime?
True
Is 1920965155 a prime number?
False
Is 48080891657 composite?
False
Is 27507889174 composite?
True
Is 45707908451 prime?
False
Is 5383371503 prime?
True
Is 4498863513 a prime number?
False
Is 8267484959 prime?
False
Is 90836183693 a prime number?
False
Is 1231737439 composite?
True
Is 3507568709 a prime number?
True
Is 14185673459 a prime number?
False
Is 39221253517 a composite number?
False
Is 37578859 composite?
True
Is 34791410737 a composite number?
False
Is 1175120657 composite?
False
Is 344519411 a prime number?
True
Is 4936717259 prime?
False
Is 203677553803 composite?
False
Is 21293670757 a composite number?
True
Is 12579628519 prime?
True
Is 31147683467 a prime number?
True
Is 808582589 prime?
False
Is 3597647987 a composite number?
False
Is 2086191659 composite?
True
Is 87057881843 a composite number?
False
Is 234797209 a prime num